 19*q**2 - 3*q - 76. Determine t(9).
-22
Let h(l) = -2*l**2 - 66*l + 461. What is h(-39)?
-7
Let d(p) = p**3 + 9*p**2 - 18*p - 169. Calculate d(-9).
-7
Let k(z) = -121*z**2 - 1937*z - 23. Determine k(-16).
-7
Let n(k) = -k**3 + 2*k**2 + 61*k + 66. Give n(-6).
-12
Let h(k) = -24*k - 140. Calculate h(-6).
4
Let p(g) = 2*g**3 + 17*g**2 - 60*g - 54. Determine p(-11).
1
Let k(m) = -m**3 - 13*m**2 - 62*m - 160. Give k(-8).
16
Let y(d) = -12*d**3 + 8*d**2 + 18*d - 25. Calculate y(1).
-11
Let t(a) = -4*a**3 + 59*a**2 + 7*a - 678. Determine t(14).
8
Let k(h) = -2*h**2 + 199*h - 4765. Give k(40).
-5
Let n(m) = 427*m + 4270. What is n(-10)?
0
Let l(z) = -2*z**3 - 16*z**2 - 2*z + 28. Determine l(-9).
208
Let i(c) = -5*c**3 + 10*c**2 + 26*c - 3. Determine i(-4).
373
Let m(y) = y**3 - 20*y**2 + 31*y - 107. What is m(19)?
121
Let t(j) = 91*j**2 + 198*j - 1. Calculate t(-2).
-33
Let x(o) = 12*o**2 - 101*o - 103. Give x(-1).
10
Let w(q) = 56*q + 869. What is w(-16)?
-27
Let n(s) = 23*s + 892. Determine n(-37).
41
Let z(i) = i**3 - 5*i**2 + 16*i - 30. Calculate z(6).
102
Let x(y) = -10*y**2 - 391*y - 135. Determine x(-39).
-96
Let i(c) = 4*c**2 - 45*c + 238. Calculate i(0).
238
Let u(j) = -2*j**2 + 86*j - 308. Determine u(39).
4
Let f(a) = a**2 - 48*a + 265. Determine f(5).
50
Let v(m) = 2*m**2 - 12*m - 48. Give v(-3).
6
Let w(t) = t**2 - t + 6. Give w(-12).
162
Let t(h) = -h**2 + 9*h + 3515. Calculate t(-55).
-5
Let g(h) = -h**3 + 7*h**2 - 146*h + 839. Determine g(6).
-1
Let j(z) = z**3 - 7*z**2 + 3*z - 21. Calculate j(5).
-56
Let a(w) = 73*w - 157. Give a(2).
-11
Let j(u) = -u**2 - 38*u + 1238. Give j(21).
-1
Let b(c) = c**3 + 4*c**2 - 148*c + 25. Give b(10).
-55
Let h(u) = u**3 + 13*u**2 + 8. What is h(-9)?
332
Let w(j) = -605*j + 2418. Determine w(4).
-2
Let v(s) = s**3 + 5*s**2 - 1386*s - 8276. Determine v(-6).
4
Let u(c) = -28*c**3 - 2*c**2 + 98*c - 97. Determine u(1).
-29
Let i(b) = 10*b**3 - 2*b**2 + 23*b - 43. Determine i(2).
75
Let c(a) = a**3 + 19*a**2 + 38*a + 62. Calculate c(-6).
302
Let t(m) = 305*m - 57926. Determine t(190).
24
Let o(q) = 2*q**2 + 90*q - 696. Give o(-52).
32
Let b(p) = p**3 + 9*p**2 + 24*p. Give b(-8).
-128
Let k(z) = 3*z**2 + 66*z - 61. What is k(-23)?
8
Let r(o) = o**2 + 14039*o + 112246. Determine r(-8).
-2
Let p(g) = -12*g**3 - 155*g**2 + 13*g + 10. Calculate p(-13).
10
Let j(c) = 136*c - 4168. What is j(31)?
48
Let u(z) = 27*z - 138. What is u(-10)?
-408
Let q(z) = -z**2 + 2*z + 53. Calculate q(11).
-46
Let b(a) = a**2 + 1017*a + 5041. Determine b(-5).
-19
Let a(v) = 2*v**2 + 16*v - 33. Give a(0).
-33
Let u(v) = -4*v**3 - 7*v**2 - 9*v + 1. Determine u(-3).
73
Let z(n) = -n**3 - 4*n**2 + 160*n + 764. Determine z(-5).
-11
Let t(k) = -274*k**3 + 7947*k**2 - 26*k - 72. Give t(29).
15
Let w(q) = q**3 + 17*q**2 - 43*q + 46. Determine w(-19).
141
Let i(x) = 6*x**2 + 203*x + 1038. Give i(-5).
173
Let t(q) = -42*q + 90. Give t(7).
-204
Let b(s) = -2*s**3 - 6*s**2 - 15*s + 3. Determine b(-4).
95
Let v(k) = -3*k**3 + 32*k**2 + 6*k + 49. Give v(11).
-6
Let d(y) = -59*y - 77. What is d(0)?
-77
Let k(z) = z**2 - 38*z - 66. What is k(39)?
-27
Let j(z) = z**2 - 51*z + 302. Determine j(41).
-108
Let y(s) = 4*s**2 - 79*s - 686. Give y(26).
-36
Let i(u) = -5*u - 97. Calculate i(-11).
-42
Let o(k) = -1766*k - 24716. Determine o(-14).
8
Let s(o) = o**3 + 3*o**2 + 61*o + 280. Determine s(-5).
-75
Let n(t) = -306*t + 3663. Determine n(12).
-9
Let m(f) = f**2 + f - 21. Give m(-8).
35
Let l(x) = -x**2 + 12*x - 6. Calculate l(-16).
-454
Let j(q) = 38*q + 101. Give j(-4).
-51
Let j(l) = -62*l - 93. Calculate j(-6).
279
Let n(i) = i**3 + 50*i**2 - 96*i - 2402. Give n(-51).
-107
Let h(j) = 202*j - 2833. Determine h(14).
-5
Let r(y) = -22*y**3 - 462*y**2 - 7*y - 145. What is r(-21)?
2
Let w(f) = -13*f**3 + 3*f**2 - 21*f + 23. Determine w(1).
-8
Let k(v) = -6*v + 108. Determine k(17).
6
Let v(h) = -h**3 + 2*h**2 - 15*h + 1. Give v(6).
-233
Let o(y) = 5*y - 765. Calculate o(59).
-470
Let s(w) = -w**3 + 11*w**2 + 7*w - 10. Calculate s(12).
-70
Let z(h) = -63*h**3 + 4*h**2 + 5*h + 2. Give z(-1).
64
Let a(n) = 4*n**2 + 189*n - 2280. Give a(10).
10
Let x(y) = y**3 - 3*y**2 - 3*y - 4. Determine x(-3).
-49
Let p(i) = i**2 + 58*i + 464. Give p(-48).
-16
Let y(j) = 2*j**3 + 38*j**2 - 56*j - 325. Determine y(-20).
-5
Let w(m) = 75*m**2 - 3*m. Give w(-1).
78
Let r(d) = 2*d**3 + 4*d**2 + 4. Determine r(-3).
-14
Let g(p) = -46*p**2 - 393*p - 15. Determine g(-9).
-204
Let d(o) = 2*o**3 - 26*o**2 + 37*o - 147. Give d(12).
9
Let d(x) = -19*x**2 + 10*x + 4. Give d(-6).
-740
Let d(j) = -3*j - 134. Determine d(-12).
-98
Let o(k) = -k**3 + 13*k**2 - 16*k + 40. Give o(12).
-8
Let y(j) = -175*j**2 + 2637*j - 170. Give y(15).
10
Let f(q) = q**3 - 9*q**2 - 16*q - 37. What is f(12)?
203
Let v(n) = n**3 - 6*n**2 - 19*n + 7. Give v(9).
79
Let j(r) = -1025*r - 3147. Determine j(-3).
-72
Let l(c) = -c**3 - 3*c**2 - 5*c + 37. Determine l(3).
-32
Let i(b) = -163*b - 1209. Calculate i(-5).
-394
Let s(m) = -11*m - 507. Determine s(-51).
54
Let v(n) = -10*n**2 - 20*n. Determine v(-4).
-80
Let y(w) = -w**2 + 70*w + 7093. What is y(126)?
37
Let v(u) = u**3 - 6*u**2 - 433*u - 25. Give v(-18).
-7
Let t(a) = 31*a + 466. Give t(-15).
1
Let t(a) = a**2 - 1638*a + 6532. What is t(4)?
-4
Let b(z) = 16*z**3 - 1759*z**2 - 123*z + 1429. Determine b(110).
-1
Let p(r) = -r**2 - 12*r - 37. What is p(-9)?
-10
Let y(t) = -71*t - 68. Determine y(-2).
74
Let l(c) = 22*c**3 - 26*c**2 - 56*c - 9. What is l(-2)?
-177
Let y(c) = 2*c**3 - 2*c**2 - 9*c + 4. What is y(-2)?
-2
Let a(p) = p**3 + 7*p**2 - 13*p - 97. Give a(-7).
-6
Let v(r) = -24*r - 1351. Determine v(-57).
17
Let i(v) = 21*v + 283. Give i(-20).
-137
Let q(d) = 15*d**2 + 53*d + 146. Give q(-3).
122
Let a(k) = -327*k**3 - 3*k**2 + 5*k - 3. Give a(1).
-328
Let w(j) = -197*j + 81. Give w(2).
-313
Let p(j) = 107*j - 108. Calculate p(1).
-1
Let h(x) = -13*x**2 + 6*x - 350. Calculate h(0).
-350
Let q(a) = 3*a**2 + 58*a + 23. What is q(-21)?
128
Let z(s) = -2*s - 20. What is z(5)?
-30
Let j(s) = -1064*s + 118108. What is j(111)?
4
Let t(a) = 61*a - 10. Give t(-2).
-132
Let n(v) = 2*v**2 - 69*v + 558. Give n(13).
-1
Let v(y) = -164*y - 320. Determine v(-2).
8
Let k(m) = -13*m**2 - 83*m. Calculate k(-7).
-56
Let b(l) = -642*l - 5746. Calculate b(-9).
32
Let a(b) = 102*b - 711. Determine a(7).
3
Let f(o) = -11*o**3 - 68*o**2 + 5*o + 48. Give f(-6).
-54
Let m(a) = 229*a - 1750. What is m(8)?
82
Let o(i) = -2*i**3 - 22*i**2 - 49*i + 35. Determine o(-10).
325
Let p(d) = 30*d - 292. Determine p(16).
188
Let c(o) = o**2 + 1072*o - 2148. Give c(2).
0
Let m(b) = -2*b**2 + 97*b - 840. What is m(10)?
-70
Let b(w) = 16*w**2 + 167*w - 175. What is b(1)?
8
Let n(m) = 519*m + 492. Give n(-1).
-27
Let o(h) = -2*h**3 + 28*h**2 + 64*h - 6. What is o(16)?
-6
Let f(b) = -2*b**2 - 32*b + 46. Calculate f(-17).
12
Let j(u) = u**2 - 127*u + 2548. Calculate j(25).
-2
Let h(a) = 17*a - 138. Give h(10).
32
Let b(q) = q**2 - 5*q - 18. Give b(0).
-18
Let a(b) = -b**3 + 22*b**2 - 39*b + 73. Calculate a(17).
855
Let z(v) = -2*v**3 + 21*v**2 - 27*v - 6. Calculate z(8).
98
Let c(p) = 24*p**2 - 11*p - 9. Calculate c(-4).
419
Let s(c) = 62*c - 220. Calculate s(4).
28
Let l(m) = -79*m + 139. Calculate l(2).
-19
Let i(b) = b**3 - 127*b**2 + 248*b + 180. Give i(125).
-70
Let m(w) = 8*w**3 + 57*w**2 - 26*w - 241. Calculate m(-7).
-10
Let h(b) = -b**3 - 49*b**2 - 353*b - 191. Give h(-8).
9
Let s(g) = 37*g - 179. What is s(5)?
6
Let k(v) = -276*v - 3321. Calculate k(-12).
-9
Let v(j) = -141*j + 2783. What is v(20)?
-37
Let m(p) = p**3 + 54*p**2 + 53*p - 154. Determine m(-53).
-154
Let n(s) = 272*s + 258. Give n(-1).
-14
Let d(m) = 232*m - 1649. Calculate d(7).
-25
Let b(l) = l**2 + 19*l + 14. Give b(-4).
-46
Let m(s) = 101*s - 6537. Determine m(64).
-73
Let j(g) = -4*g**3 + 18*g**2 - 20*g + 108. Give j(6).
-228
Let a(n) = n**3 + 40*n**2 + 51*n - 957. What is a(-38)?
-7
Let d(v) = -41*v**2 - 21*v + 21. What is d(1)?
-41
Let h(v) = -8*v**3 + 65*v**2 - 28*v + 154. Calculate h(8).
-6
Let u(x) = -x**3 - 10*x**2 + 3*x + 6. Give u(-8).
-146
Let b(o) = 14*o - 129. Calculate b(11).
25
Let b(h) = 2*h - 203. Determine b(7).
-189
Let n(y) = y**3 - 170*y**2 - 337*y - 1235. Give n(172).
-31
Let s(a) = -419*a